**2 - 14*y + 34. Determine s(-16).
2
Let k(i) = -4*i. What is k(3)?
-12
Let z(v) = -22*v + 63. Calculate z(5).
-47
Let p(w) = -w**2 + 7*w - 6. Calculate p(7).
-6
Let f(d) = 13*d**3 - 2*d + 1. What is f(1)?
12
Let v(n) = -n - 25. Give v(-7).
-18
Let j(q) = q**2 + 22*q + 25. Calculate j(-19).
-32
Let g(v) = v**3 + 7*v**2 - 10. Determine g(-7).
-10
Let t(s) = -16*s**3 + 2*s**2 + 3*s + 2. Give t(-1).
17
Let y(n) = -7*n + 10. Determine y(-3).
31
Let l(i) = i**3 + 7*i**2 - 2*i + 4. Determine l(-7).
18
Let b(l) = 182*l + 1827. Determine b(-10).
7
Let d(u) = -u**2 + 9*u - 28. What is d(7)?
-14
Let p(a) = a**2 - 18*a + 7. Give p(18).
7
Let n(x) = x**3 + 4*x**2 - 5*x + 2. Determine n(-5).
2
Let m(l) = l**3 - 7*l**2 + 7*l + 3. Give m(6).
9
Let f(g) = -5*g - 25. Calculate f(-4).
-5
Let k(f) = 14*f - 19. Give k(1).
-5
Let g(r) = -2*r**2 - 6*r - 18. What is g(-2)?
-14
Let c(b) = -3*b**2 - 8*b - 6. Give c(-5).
-41
Let d(i) = 25*i + 75. Calculate d(-3).
0
Let g(i) = -i**2 - 4*i - 4. Determine g(-5).
-9
Let k(f) = 6*f + 2. Give k(-7).
-40
Let l(k) = k**3 + 6*k**2 + 7*k + 7. Give l(-5).
-3
Let v(s) = -s**2 - 13*s - 40. Give v(-9).
-4
Let o(r) = -r**3 - 5*r**2 + 8*r + 13. What is o(-6)?
1
Let j(h) = -6*h - 4. Give j(2).
-16
Let s(g) = -g**3 - g**2 + 5*g. Give s(-4).
28
Let d(k) = -k**3 + 4*k**2 - k + 8. What is d(2)?
14
Let x(v) = -3*v + 27. Give x(13).
-12
Let s(p) = -p**3 - 12*p**2 - 9*p + 9. Give s(-11).
-13
Let j(n) = -6*n**3 + 32*n**2 - 8*n - 9. Determine j(5).
1
Let p(k) = k**2 - 7*k + 13. Calculate p(2).
3
Let z(o) = -o + 8. Calculate z(6).
2
Let b(k) = -k**3 - 10*k**2 - 11*k + 7. What is b(-9)?
25
Let f(k) = 262*k - 2100. Determine f(8).
-4
Let h(p) = 34*p + 21. Give h(-4).
-115
Let o(p) = p**3 - 17*p**2 - 16*p - 8. Calculate o(18).
28
Let j(g) = g**3 + 5*g**2 - 3*g - 27. Calculate j(-6).
-45
Let g(n) = -n**3 + 7*n**2 + 9*n + 9. Determine g(8).
17
Let f(h) = -32*h - 73. Give f(-2).
-9
Let d(s) = s**3 + 13*s**2 + 13*s - 9. What is d(-12)?
-21
Let q(g) = -2*g - 8. What is q(-13)?
18
Let y(i) = -2*i**2 - 9*i + 12. Determine y(-6).
-6
Let i(b) = 3*b + 9. What is i(0)?
9
Let a(j) = 6*j + 1. Calculate a(2).
13
Let h(d) = d + 3. Give h(-3).
0
Let c(y) = y**3 - 23*y**2 + 47*y - 102. What is c(21)?
3
Let x(y) = 2*y**3 + 17*y**2 + 5*y - 38. Give x(-8).
-14
Let x(m) = 2*m**3 + 30*m**2 + 27*m - 11. Give x(-14).
3
Let n(a) = 4*a + 15. Give n(5).
35
Let c(b) = 72*b - 143. Give c(2).
1
Let n(f) = 8*f + 50. Calculate n(-8).
-14
Let b(r) = r**3 - 60*r**2 + 118*r - 121. What is b(58)?
-5
Let s(o) = 2*o**2 + 8*o + 8. Give s(-3).
2
Let y(g) = g**3 + 6*g**2 - 3*g - 4. What is y(-6)?
14
Let x(y) = -4*y**3 - 38*y**2 + 18*y - 15. Determine x(-10).
5
Let t(z) = -3*z**2 + 27*z + 23. Calculate t(10).
-7
Let m(r) = r**2 - 5*r + 8. Give m(7).
22
Let p(l) = -l + 27. Calculate p(24).
3
Let n(l) = 2*l**2 + 5*l - 4. Calculate n(5).
71
Let c(j) = j**2 - 5*j - 11. What is c(5)?
-11
Let v(l) = -l**2 + l + 11. Determine v(-3).
-1
Let f(q) = -q**3 + 15*q**2 + q - 35. Calculate f(15).
-20
Let t(n) = n**3 + n**2 + 4*n + 1. Determine t(-1).
-3
Let n(y) = -y**2 + 15*y - 12. Give n(14).
2
Let q(o) = 6*o - 59. Determine q(9).
-5
Let u(x) = -22*x - 13. What is u(-1)?
9
Let u(t) = -39*t**2 + t + 2. Calculate u(-1).
-38
Let v(r) = -r + 6. Calculate v(8).
-2
Let v(k) = k + 42. What is v(-9)?
33
Let l(o) = -o**2 + 10*o. What is l(9)?
9
Let c(q) = q**3 - 4*q**2 - 7*q - 3. Calculate c(6).
27
Let n(l) = l**3 + 55*l**2 + 52*l - 115. Give n(-54).
-7
Let i(k) = -k**2 + 102*k + 769. Determine i(-7).
6
Let u(h) = -16*h + 2. Calculate u(2).
-30
Let z(g) = 20*g - 74. Calculate z(4).
6
Let f(t) = -t**3 + t**2 + t + 1. Calculate f(2).
-1
Let c(l) = l**3 - l**2 + 4*l + 8. Determine c(0).
8
Let p(v) = v**2 - 17*v - 16. Calculate p(19).
22
Let o(g) = -3*g**2 - 14*g - 5. What is o(-4)?
3
Let d(c) = c**3 - 4*c**2 + 2*c + 4. What is d(4)?
12
Let x(z) = 7*z + 26. Give x(-4).
-2
Let o(h) = 18*h - 28. Give o(3).
26
Let p(f) = 20*f - 246. Give p(12).
-6
Let n(o) = o**3 - 2*o**2 - o + 4. Give n(-3).
-38
Let u(n) = n**2 + 7*n - 25. Determine u(-10).
5
Let j(q) = -q**3 - 4*q**2 - 31. Calculate j(-5).
-6
Let g(o) = o - 23. Determine g(12).
-11
Let k(v) = v**3 + 11*v**2 - 29*v - 44. Give k(-13).
-5
Let z(a) = -10*a + 12. Calculate z(2).
-8
Let o(u) = -u**3 + 5*u**2 + 9*u + 10. Determine o(7).
-25
Let b(d) = d**3 - 5*d**2 - 9*d + 1. Determine b(6).
-17
Let j(g) = 18*g - 721. What is j(40)?
-1
Let l(a) = 3*a**2 + 7*a + 7. Calculate l(-2).
5
Let y(d) = -4*d**3 + 2*d**2 - 5*d + 4. Calculate y(1).
-3
Let r(y) = 6*y - 44. Determine r(0).
-44
Let z(r) = 2*r + 13. Calculate z(9).
31
Let b(j) = 2*j**2 - 5*j - 1. What is b(4)?
11
Let t(m) = -2*m**2 + 8*m + 16. What is t(8)?
-48
Let c(q) = -q**3 - 43*q**2 + 49*q + 213. What is c(-44)?
-7
Let t(l) = -6*l**3 + l**2 - l. Determine t(1).
-6
Let d(a) = -a**3 + 7*a**2 - 11*a + 4. Determine d(5).
-1
Let a(s) = 4*s - 3. Give a(4).
13
Let t(x) = x**3 + 6*x**2 + 4*x + 7. Give t(-5).
12
Let l(j) = -5*j**2 + 12*j - 35. What is l(4)?
-67
Let m(o) = 5*o - 76. Calculate m(15).
-1
Let c(i) = -15*i - 297. Give c(-19).
-12
Let x(t) = t**2 - 34*t + 168. Give x(28).
0
Let b(s) = s**2 + 15*s + 14. Determine b(-11).
-30
Let l(n) = -89*n + 526. Give l(6).
-8
Let o(a) = -3*a**2 - 10*a. Give o(2).
-32
Let x(j) = j**2 + 15*j - 77. What is x(-19)?
-1
Let w(u) = -5*u. Determine w(-6).
30
Let x(g) = -5*g - 6. Calculate x(8).
-46
Let l(i) = i. Calculate l(-1).
-1
Let n(h) = -h**3 - 6*h**2 - 4*h - 1. Determine n(-6).
23
Let j(z) = z**2 + 22*z + 53. What is j(-19)?
-4
Let h(g) = -g. Calculate h(12).
-12
Let v(t) = 35*t + 6. What is v(-2)?
-64
Let q(m) = -2*m - 20. What is q(-11)?
2
Let n(i) = i**3 + 3*i**2 + 7*i + 2. What is n(-3)?
-19
Let i(r) = -r - 20. Give i(-12).
-8
Let s(w) = -w - 6. Give s(-1).
-5
Let q(l) = 2*l**2 - l. Give q(-2).
10
Let u(q) = q**3 + 5*q**2 + 5*q - 12. Determine u(-4).
-16
Let f(h) = -h**3 + 12*h**2 - 10*h - 3. Calculate f(11).
8
Let g(z) = -z**2 + 10*z - 13. Calculate g(9).
-4
Let x(g) = -10*g**3 - 2*g**2 + 6*g + 3. Give x(-2).
63
Let b(r) = -8*r**2 - r + 2. What is b(-2)?
-28
Let x(g) = 2*g**3 - 9*g**2 + 5*g. Give x(4).
4
Let n(f) = f - 24. Determine n(31).
7
Let i(s) = 2*s - 16. What is i(-6)?
-28
Let s(b) = -b**3 - 5*b**2 + 7*b - 3. Give s(-4).
-47
Let q(p) = p**3 + p + 2. Calculate q(-2).
-8
Let w(t) = t**3 - 2*t**2 + 3. What is w(0)?
3
Let y(k) = k**2 - 11*k + 5. Give y(5).
-25
Let w(t) = t**2 - 18*t + 35. Determine w(15).
-10
Let u(t) = -t**2 + 14*t - 2. Give u(14).
-2
Let v(t) = -t**3 - 11*t**2 - 4*t + 40. Calculate v(-9).
-86
Let u(a) = -a**3 - 4*a**2 - 2*a. Calculate u(-3).
-3
Let n(j) = -j**2 - 2*j - 27. Calculate n(-7).
-62
Let m(z) = z**2 - 14*z - 18. Calculate m(14).
-18
Let r(t) = 2*t**2 - 5*t + 3. Determine r(5).
28
Let l(a) = -a**3 + 5*a**2 - a - 8. Give l(0).
-8
Let y(k) = -k + 16. Give y(21).
-5
Let v(s) = 11*s - 193. Determine v(18).
5
Let j(f) = f**3 + 3*f**2 + 4*f - 3. Calculate j(-6).
-135
Let i(h) = h + 15. Determine i(-11).
4
Let r(f) = 2*f + 4. Calculate r(-7).
-10
Let t(o) = 3*o + 55. Give t(-18).
1
Let b(j) = 9*j**2 + j + 1. Calculate b(-1).
9
Let v(x) = -5*x + 45. What is v(2)?
35
Let n(c) = 2*c**3 - 11*c**2 - 9*c + 16. Give n(6).
-2
Let u(l) = 5*l + 68. Determine u(-14).
-2
Let z(j) = 2*j + 22. Calculate z(-8).
6
Let d(z) = -z**3 - 9*z**2 - 9*z - 9. What is d(-8)?
-1
Let z(u) = 6*u - 7. Determine z(-3).
-25
Let v(g) = -g**3 - 10*g**2 + 15*g + 42. Calculate v(-11).
-2
Let u(o) = o**3 + 21*o**2 + o - 4. Determine u(-21).
-25
Let t(q) = q**2 + 20*q + 26. Calculate t(-20).
26
Let o(g) = -2*g**3 - 7*g**2 + g. Calculate o(-6).
174
Let b(l) = l**3 - 17*l**2 - l + 9. Determine b(17).
-8
Let t(d) = 5*d + 94. What is t(-29)?
-51
Let o(p) = -p**2 + 10*p + 3. What is o(9)?
12
Let f(l) = -2*l**2 - 4*l + 2. Give f(-4).
-14
Let q(u) = -u**3 + u**2 + u - 86. What is q(0)?
-86
Let a(i) = -i**3 - 7*i**2 - 6*i + 14. Give a(-6).
14
Let s(t) = -2*t - 3. Give s(-7).
11
Let i(f) = -f**3 - f + 27. Give i(0).
27
Let b(n) = -2*n**3 - 21*n**2 - n + 29. Give b(-10).
-61
Let w(k) = -k**2 - 12*k + 2. Determine w(-7).
37
Let k(n) = n**3 + 7*n**2 + 7*n + 4. Calculate k(-6).
-2
Let u(v) = -v**2 + 15*v - 57. What is u(8)?
-1
Let v(s) = 7*s + 47. Give v(-6).
5
Let f(h) = -2*h**2 + 2*h - 11. What